se 3*z + 9 - 15 = i. What are the prime factors of z?
2
Let g be (-2)/3 - 14/(-3). Suppose -o - 3 + 13 = 3*n, 3*n = 2*o - 65. Suppose -o = g*y - 9*y. What are the prime factors of y?
5
Suppose -o - 31 + 203 = -f, -4*f - 342 = -2*o. What are the prime factors of o?
173
Let k(w) = w**3 + 8*w**2 + 5*w + 1. Let j be k(-7). Let q = j - 1. List the prime factors of q.
2, 7
Let v = -13 - -18. Let h(m) = -2*m**2 + 12*m + 1. Let g be h(6). Suppose g = 3*a - v. List the prime factors of a.
2
Suppose 0 = -7*l + 35 + 63. List the prime factors of l.
2, 7
Suppose p - 10 = 3*r, -p - 3*r = 2*p - 30. What are the prime factors of p?
2, 5
Suppose -4*d = 3*f - 145, 5*d + 4*f = 33 + 147. What are the prime factors of d?
2, 5
Let q(g) be the first derivative of -g**4/4 + 5*g**3/3 + g**2/2 - 5*g - 2. Let l be q(5). Suppose 5*a - 4 - 16 = l. List the prime factors of a.
2
Let y be 2 + (-1 - 1*-4). Suppose 4*d - 20 = 5*q, -16 = 3*q - y*d + 9. Suppose v + 4 = -q*b + 4*b, b - 4 = 0. What are the prime factors of v?
2, 3
Let i be ((-1)/2)/((-3)/(-6)). Let z be 0 - (-1 + -1 + 6). List the prime factors of (22/z)/(i/2).
11
Let s(y) = -4*y - 3*y**2 - 9 - y**2 + 5*y**2. List the prime factors of s(7).
2, 3
Suppose -z - 48 = -3*z. List the prime factors of z.
2, 3
Let u be (-4)/(8/(-6))*1. Suppose u*h = -2*h + 20. What are the prime factors of h?
2
Let n(s) = -4*s**3 - 3*s**2 + 3*s. Let y be n(2). Let z be (y/6)/(1/(-3)). Suppose -2*r + j + z = 6*j, -20 = -4*r - 4*j. What are the prime factors of r?
2
Let h(d) = -d**2 + d + 13. Let p(c) = -4*c**2 - 3 + 4*c - 2 + c**3 + 2 + 0*c. Let o be p(3). What are the prime factors of h(o)?
13
Suppose w - 2*w - x - 9 = 0, -4 = 2*x. What are the prime factors of -4 + w/(21/(-162))?
2, 5
Suppose -495 = -4*k - 5*w, -3 = -w - 0. What are the prime factors of k?
2, 3, 5
Suppose -99 + 744 = 5*m. List the prime factors of m.
3, 43
Suppose -16 + 89 = 4*k + p, -k + 2*p = -7. List the prime factors of k.
17
Let a(t) = -37*t**3 - t**2 + t - 1. Let c be a(1). Let o = -19 - c. Suppose 2*y - 17 = l + o, 0 = -y + 2*l + 15. List the prime factors of y.
19
Suppose 2*m + 2*h = -36, -3*m - 4*h + 18 = -4*m. Let o = m + 38. What are the prime factors of o?
2, 5
Let r(t) = 5*t**3 + t**2 + t**2 + 2*t**2 - 1 - 2*t**2. Let n = 0 + 1. What are the prime factors of r(n)?
2, 3
Let x = 138 - 74. What are the prime factors of x?
2
Suppose 0 = -u - 3*u + 84. What are the prime factors of u?
3, 7
Let f(h) = -4*h - 2. Let v be f(-6). Let z be 4/((-12)/9) - 9. Let a = z + v. What are the prime factors of a?
2, 5
Let s be (-1)/(2 + 9/(-4)). Suppose -2*n = -3*g - s, -2*g = -2*n + 2*g + 2. Suppose -n*j = 13 - 43. What are the prime factors of j?
2, 3
Suppose 8*n - 31 - 1 = 0. Let q = -12 - -4. Let c = n - q. What are the prime factors of c?
2, 3
Suppose 3*u + 1 + 2 = 0. What are the prime factors of 36 + u + 0 + 2?
37
Suppose w - 5 = 3*m - 13, 11 = 2*w + 3*m. Let i be (-3)/((-3)/7) - w. Suppose -i - 22 = -4*z. What are the prime factors of z?
7
Suppose 3*v + 2 - 11 = 0. Suppose v*g + 108 = 7*g. List the prime factors of g.
3
Let q(l) = -6*l - 9. List the prime factors of q(-4).
3, 5
Suppose 5*n - 145 = -3*d, -d = -n - 21 - 38. Suppose 2*p + 112 = 4*g, 5*g - 4*p - 88 = d. List the prime factors of g.
3
Suppose -25 = 2*b - 7*b. Suppose 0 = s - 0*s + 5, b*p + 3*s = 0. Suppose -4*u = -p*u - 5. What are the prime factors of u?
5
Let v(m) be the second derivative of m**7/840 + m**6/720 - m**5/120 - m**4/6 + m. Let c(g) be the third derivative of v(g). What are the prime factors of c(-2)?
3
Let t(a) = 3*a**2 + a + 2. Let c be t(-2). Suppose 2*v + 0*v - c = 0. List the prime factors of v.
2, 3
Let j be ((-45)/(-9))/((-2)/8). Let s = -16 - j. What are the prime factors of s?
2
Let v be 1*((-2)/1 + -1). Let d be (1 - (v + 5)) + 0. What are the prime factors of (-1)/(d/2) - -14?
2
What are the prime factors of (-2)/5 - (-4 + 2160/(-25))?
2, 3, 5
Suppose -2*u + 5*u - 9 = 0. Suppose -3*y = -4*y + u. Suppose -y*p = -p - 24. What are the prime factors of p?
2, 3
Let x be (-2)/(75/27 - 3). Suppose -3*y = 3*t - x, 4*y - 5*t - 29 = 1. Suppose y*j + 2*d = 63, -j - d = 3*d - 9. What are the prime factors of j?
13
Suppose -2*y = -0*h - 4*h - 70, -2*h + 2*y - 30 = 0. Let s = h + 29. What are the prime factors of s?
3
Let x(b) = -4*b**3 + b**2 + 6*b + 7. What are the prime factors of x(-3)?
2, 53
Suppose 2*c = 2*j + 20, 4*j = 5*c + 7*j - 10. Suppose -c*g + g + 2*r = 0, -5 = -3*g - r. Let h = g + 6. List the prime factors of h.
7
Suppose 0*u - o = 5*u - 493, 0 = -5*u - 5*o + 485. List the prime factors of u.
3, 11
Suppose -4*d - 5 = d. Let a(x) = 6*x. Let h be a(d). Let j = h + 10. List the prime factors of j.
2
Let s(g) = g**2 + 8*g + 7. Let y be s(-7). Suppose -3*v - 67 = -2*a, 2*v - 2 + y = 0. List the prime factors of a.
5, 7
Let d = 10 + -7. Let l(g) = 7*g**2 - 5*g + 15. Let y(p) = -4*p**2 + 3*p - 8. Let n(q) = -6*l(q) - 11*y(q). List the prime factors of n(d).
7
Let v(r) = -3*r - 1. Let y be v(-1). Suppose y*x = -3*x. Suppose x = 5*a - 22 - 18. What are the prime factors of a?
2
Suppose -4*j = -5*d + 228, 3*d - 6*d = -j - 134. Suppose y + d = 5*y. List the prime factors of y.
11
Let z = 66 + 12. Suppose 0*s + 3*s - z = 0. What are the prime factors of s?
2, 13
Let n be 1 - (-2 - (1 + -2)). Suppose 3*c - 55 = -n*c. What are the prime factors of c?
11
List the prime factors of ((-20)/8)/((-2)/60).
3, 5
Suppose -1300 = -5*g - 205. List the prime factors of g.
3, 73
Suppose 0 = -s + 6*s - 20. Let v be 3 - 0 - (1 + -2). Suppose s*j - 2*j = v*n - 2, -2*n + 7 = j. What are the prime factors of j?
3
Let b(m) = m**2 - 10*m + 9. Let t = 14 - 9. Suppose 0 = -s - t*f + 31, 2*s + 2*f - 14 = 4*f. List the prime factors of b(s).
2, 5
Let p = -3 - -8. Suppose 5*z = -a + 46 + 59, -p*a + 2*z + 579 = 0. Suppose -5*w - 7 = x, 4*x - 5*w - a = -x. What are the prime factors of x?
2, 3
Let y(f) = 86*f**2 + 5*f + 3. What are the prime factors of y(-2)?
337
Suppose 4*r - 2*r - 86 = 0. Suppose 4*b - r - 73 = 0. What are the prime factors of b?
29
Let f(w) = -32*w - 1. What are the prime factors of f(-1)?
31
Let c = 221 - 57. List the prime factors of c.
2, 41
Let a = 5 + -1. Suppose 5*f - 3*j - 30 = -a*j, -5*f + 2*j + 30 = 0. What are the prime factors of f?
2, 3
Let h be -5*8/(-20)*1. Suppose 6 = -h*t + 28. List the prime factors of t.
11
Let p(k) = k**3 + 4*k**2 - 5*k. Let x be p(-5). Suppose -4*l + 3*l = 2*g, x = g + 2. What are the prime factors of l?
2
Suppose -2*s + 18 = s. Let a be (-3)/9 + 2/s. Suppose 0*o - 5*o + 15 = a. List the prime factors of o.
3
Suppose -240 = -4*g - g. Suppose -3*d = d - g. What are the prime factors of d?
2, 3
Let y be (-4)/(-10) - 26/(-10). Suppose 5*z - y = -2*r + 4*r, 24 = 2*r + 4*z. Suppose 60 = 5*v + 5*s, 0 = -v + s + 4*s + r. What are the prime factors of v?
11
Suppose 0 = -3*b + 26 - 2. Let u be (-23)/(-3) + b/(-12). Suppose -u = -m + 2*g, -3 = -3*m + g + 18. What are the prime factors of m?
7
Let s(v) be the second derivative of -1/2*v**2 - v - 1/6*v**3 - 1/10*v**5 + 1/12*v**4 + 0. What are the prime factors of s(-1)?
3
Let t(d) = 8*d + 1. Let r be t(1). Suppose 0*w = w - r. What are the prime factors of w?
3
Let n be ((-6)/7)/(2/(-14)). Suppose 2*a + 3*w = 70, -3*a + 105 = -n*w + w. Suppose 5*h - 5*v - a = 0, -5*v + v = -h - 8. List the prime factors of h.
2, 3
Let q(a) = a**2 - 3*a + 3. Let d be q(3). Suppose 2*p + 23 = d*f, -7*f + 2*f = -p - 43. List the prime factors of f.
3
Suppose 3*r - 8 = 2*w + 16, -r - 9 = 5*w. Suppose -r*i + 51 = -93. What are the prime factors of i?
2, 3
Let j(i) = -i**3 + 2*i**2 + 7*i. List the prime factors of j(-3).
2, 3
Let i(j) = 2*j**2 - 9*j + 7. List the prime factors of i(7).
2, 3, 7
Let j(f) = 2*f**3 - 4*f - 7. Let q(o) = 2*o**3 + o**2 - 3*o - 6. Let x(m) = -4*j(m) + 5*q(m). Let y be x(-3). List the prime factors of (-100)/(-7) - (-4)/y.
2, 7
Suppose 4 = -0*m - m. List the prime factors of ((-42)/4)/(3/m).
2, 7
Suppose -2*p = -4*p + 4. Suppose -2*h + 38 = 3*v + 1, -p*v - h + 25 = 0. List the prime factors of v.
13
Let z be -10*(1*-4 - -3). Let x = 17 - z. Let o = 24 - x. List the prime factors of o.
17
Let o(u) = u - 1. Let a be o(3). Let i(m) = 0*m**2 - 3*m**2 + 2*m**a + 6*m + 5. What are the prime factors of i(5)?
2, 5
Let s(b) = 5